- -1. Suppose 3*f - 4*f = c. Suppose t + f*t = 12. What is the units digit of t?
2
Suppose 0 = 5*v + 5*z - 238 + 68, 0 = -2*v - 5*z + 59. Suppose 0 = 2*g + 5*m - 45 - v, 0 = -3*m + 12. What is the units digit of g?
1
Let p(i) = i + 7. Let a be p(-7). Suppose -93 = -5*y - 3*w, a = -y + 3*w - w + 16. What is the units digit of y?
8
Let a(o) = 3*o**2 + o - 1. Let j be a(1). Let c = 0 + j. What is the units digit of c?
3
Let p = -3 + 5. Suppose 6 = p*j - 6. What is the units digit of j?
6
What is the tens digit of 12/(-6) + (0 - -133)?
3
Let h(r) = -r**3 + 9*r**2 - 10*r - 2. Let d be h(7). Let p = d - 16. What is the units digit of p?
0
What is the tens digit of ((-3)/(-15) + (-5004)/20)/(-1)?
5
Let r be (-1)/(-2*2/8). Let s be 4*(-2 + 3/r). Let t(i) = 2*i**2 + 4*i + 2. What is the units digit of t(s)?
2
Let j be (2/2)/(2/(-26)). Let o = 27 + j. What is the units digit of o?
4
What is the tens digit of 0*(-2)/(-8) + 24?
2
Suppose 0*i = 5*i + 2*f - 8, 2*i + 2*f = 8. Suppose -3*j + i + 30 = 0. What is the tens digit of j?
1
Let s = 1 + 0. Suppose 0 = 4*h - 3*h - s. Suppose p - h = 5*x - 3, 2*p + 4*x - 24 = 0. What is the units digit of p?
8
Suppose 59 - 19 = 5*l. What is the units digit of l/(-2)*26/(-8)?
3
Suppose 65 = d + 12*d. What is the units digit of d?
5
Suppose -2 = -3*u + 5*u. Let w = 1 - u. What is the units digit of w?
2
Suppose 2*k + 4*t - 414 = 0, -3*k - 7*t = -2*t - 625. What is the hundreds digit of k?
2
Let n(y) = -5*y**2 + 8*y - 3. Let x(k) = k**2 - k. Let c(i) = n(i) + 6*x(i). What is the units digit of c(-4)?
5
Let v(c) = -c**2 + 16*c - 8. What is the units digit of v(9)?
5
Suppose 3*t = -5 + 209. What is the units digit of t?
8
Let p(b) = b**3 - 32*b**2 - 32*b + 40. What is the tens digit of p(33)?
7
Suppose -3*o + 4 = 25. Let d = o - -13. What is the units digit of d?
6
Let q be 1*-3 - 126/7. Let i be -2 - (0 + q + -1). What is the units digit of i/3*6/4?
0
Let c = 4 - 2. Let h = c + 13. What is the tens digit of h?
1
Let l(y) = y**2 + 4*y + 4. Let w = -3 - 0. Let n be 0 + 0 + w/1. What is the units digit of l(n)?
1
Let q = 10 + -12. Suppose 2*m + 2*f = 73 + 87, f = -2*m + 158. What is the units digit of (m/24)/(q/(-8))?
3
Suppose -x - 484 = -5*p - 30, -94 = -p + x. What is the units digit of p?
0
Let b(c) = -c**3 - 2*c**2 - 2*c - 1. Let q be b(-1). Suppose x + q = 7. Suppose g - x = 7. What is the units digit of g?
4
Let o(z) = -z - 8. Let y be o(-8). Suppose -q = y, -21 = -3*c - q - q. What is the units digit of c?
7
Suppose 7*d - 2*d = 0. Suppose 5*l - 65 = -d*l. What is the tens digit of l?
1
Let f = 81 - -7. What is the units digit of f?
8
Let r = 4 - -32. What is the units digit of r?
6
Let f(i) = 0*i**2 + 4*i**2 - i**3 + 6*i + i**2 + 6. Let m be f(5). Suppose -6*l = -2*l - m. What is the units digit of l?
9
Suppose -4*d - 2*z = -20, 0*d - 3*d = 2*z - 13. Suppose -2*n = -d*n. Suppose 4*t - 36 = -n. What is the units digit of t?
9
Suppose 0*a = 3*a + l - 24, -2*l = a - 13. Let s(c) = -c**3 + 7*c**2 - 2. Let g be s(a). What is the units digit of g/(-2 - 8/(-6))?
3
Let p = 50 + -11. What is the units digit of p?
9
Suppose 0 = -z - 2*z + 36. Suppose -z = -2*v - 2*v + 3*n, -v + 5*n - 14 = 0. Let j = v - 1. What is the units digit of j?
5
Suppose -6*j + j = -190. What is the tens digit of j?
3
Suppose 16 = 13*d - 9*d. Suppose 2*l + 38 = d*l. What is the tens digit of l?
1
Suppose -u - 2*u + 9 = 0. Suppose -u*m = -7*m + 56. What is the units digit of m?
4
Let z = 75 + 18. What is the units digit of z?
3
Let v = 110 + -78. What is the tens digit of v?
3
Let j be (-17)/(-4) - (-1)/(-4). Suppose j*h + 7 - 19 = 0. Suppose 2*o - 5*y - 32 = 0, h*y = -0*y - 12. What is the units digit of o?
6
Suppose -1390 = -5*x - h, 5 = -4*h + 5*h. What is the units digit of x?
7
Suppose 3*j = 5*k - 7, 0 = k - 3*k + 2*j + 2. Let a(v) = v - 1. Let x be a(3). Suppose -k*l + 27 = 5*q, 3*q - 7 = x*l + 6. What is the units digit of l?
1
Let n(f) = 2*f**2 + 8. Let l be n(-5). Suppose -l = -4*j + 138. What is the units digit of j?
9
Let o = -19 - -45. What is the tens digit of o?
2
Suppose -3*q + 258 + 54 = 0. Let r = q - 29. What is the units digit of 4/18 - r/(-27)?
3
Suppose -2 = -3*u + 4. Let o be 15 - (-21 - -17 - (0 - 3)). Suppose -o - 6 = -u*a + w, -4*w + 32 = 2*a. What is the units digit of a?
2
Let q = -55 - -238. What is the units digit of q?
3
Let k(l) = l**3 - l + 14. Let s be 2/2*(1 - 4). Let i = s - -3. What is the tens digit of k(i)?
1
Suppose -3*c = -5*j - 15, -3*j + 10 = 2*c + 2*j. Suppose c*m = -20, -3*d - 11 = -2*d + 4*m. What is the units digit of d?
5
What is the units digit of (5 - 3)*18/4?
9
What is the tens digit of 13*1 + (-4)/4?
1
Let k = -5 + 8. Let q be (-6)/(-24) - 95/(-4). What is the units digit of ((-2)/k)/((-16)/q)?
1
Let f = 20 - 4. Let a be ((-6)/(-5))/(f/200). What is the units digit of (-3)/a + (-63)/(-15)?
4
Suppose 5*k - 156 = -2*m, -2*k + 3*k = 2*m + 36. What is the tens digit of k?
3
Let x(n) = 5*n**2 - 2*n + 1. Suppose 2*w + 4*b = 10, -3*b - 1 = -7. Let q be x(w). Suppose q*a + a = 55. What is the tens digit of a?
1
Let d(m) = 6*m**2 - 4 - m**3 - 1 + 13*m - 15*m. Let a be 2/(-5) - 108/(-20). What is the units digit of d(a)?
0
Let r = 137 + -69. What is the tens digit of r?
6
Let i be (-2)/(-4) - (-3)/6. Let o be (16/10)/(i/5). Suppose o*n - 5 = 3*n. What is the units digit of n?
1
Suppose 2*u = -k + 5, -2*k + 3 = -3*k. Suppose -3*l + u = -11. What is the units digit of l?
5
Let o be (-2)/10 + (-18)/10. Let u(v) = -v + 3. What is the units digit of u(o)?
5
What is the tens digit of (-1)/3 - (-4 - 633/9)?
7
Let w = 73 + -54. What is the tens digit of w?
1
Suppose -2*j + 22 = -4*v, 0 = -0*v - 5*v + 3*j - 29. What is the units digit of (-3)/v + (-125)/(-4)?
2
Let b(x) = -17*x. Let i(o) = -o**3 - 3*o**2 - 2*o - 1. Let r be i(-2). What is the tens digit of b(r)?
1
Suppose -17*x = 1547 - 4420. What is the hundreds digit of x?
1
What is the hundreds digit of -4*((-6)/(-45) + (-1716)/45)?
1
Let v(j) = j**2 - j + 4. Let a be v(0). Suppose a*c - 25 = 43. What is the units digit of c?
7
Let d be (-3)/(2 + (-94)/44). Let z(x) = 4*x**3 + 2*x - 1. Let o be z(1). Suppose v + 2*v = o*w - d, 0 = -4*w - 2*v + 22. What is the units digit of w?
5
What is the hundreds digit of (6/(-4))/(111/(-16058))?
2
Suppose -4*t + c + 0*c = -27, t - 6 = c. What is the units digit of t?
7
Suppose 7 = 4*n + 11, 4*n + 220 = 3*c. What is the tens digit of c?
7
Suppose -2*w + 5*w + 249 = 4*f, 2*f = 3*w + 123. What is the units digit of f?
3
Suppose 8*v - 85 = 3*v. Let w = v - -10. What is the units digit of w?
7
Let j(q) = -q**2 + 5. Let n be j(-4). Let v = 15 + n. Suppose -2*a + v*a - 18 = 0. What is the units digit of a?
9
Suppose -w - 16 = -k - 2*w, -28 = -4*k + 5*w. Let y be 7/(70/k)*-5. What is the tens digit of y/(-27) + 640/36?
1
Suppose 2*c + 5*z = 77, 2*c = -3*c - 4*z + 218. Suppose c = -0*p + 2*p. What is the units digit of p?
3
Suppose -5*b - 945 - 565 = 0. Suppose 17 = 3*l - 10. What is the units digit of b/(-18) - (-2)/l?
7
Suppose 3*l = -2*d + 17, 0 = -0*l - l - 5*d + 23. Suppose l*v = 4*v - 5. Suppose 22 = 4*f + v*c + 4, -f = 4*c - 10. What is the units digit of f?
2
Let t = -46 + 77. What is the units digit of t?
1
Let n(u) = -u**2 - 7*u + 10. Let c be n(-7). Let r = c - 5. What is the units digit of r?
5
Let v be (-1)/(-1) - (-2 - -1). Let c = -1 + v. What is the units digit of (c/(-3))/(2/(-54))?
9
Let i be (2/5)/((-1)/35). Let q be (-3 - 17)/((-1)/(-1)). Let l = i - q. What is the units digit of l?
6
Let k(y) = -2*y + 1. Let x be k(-3). Let p(w) = -w**3 + 8*w**2 - 7*w + 10. Let j be p(x). Suppose -m - j = -2*d, d + 2*m = -m - 9. What is the units digit of d?
3
What is the units digit of (-58)/(-3)*45/10?
7
Let b(g) = -3*g. What is the units digit of b(-9)?
7
Suppose -68 = -13*t + 11*t. What is the tens digit of t?
3
Let q be (-24)/13 + 4/(-26). What is the units digit of (-675)/(-63) + q/(-7)?
1
Let s(o) = 2*o**2 - 4*o**2 + o**3 - 3 - 4*o**3 - 2*o + 2*o**3. Let p = 4 + -6. What is the units digit of s(p)?
1
Suppose -5 + 1 = -2*h. Let f = h - -3. What is the units digit of f?
5
What is the tens digit of (-68)/(-1) + (-27)/27?
6
Let n = 3 - 2. Suppose -2 = 2*h + 3*d - n, h = -3*d - 5. Suppose -h*b + 0*b = -48. What is the tens digit o